.
2
Calculate 4 - ((-2 - (13 + -8)) + -2 - -4).
9
What is 4 + 3 - (-14 - -13)?
8
What is the value of (-6 + 16 - 9) + -6 + 2 - -6?
3
What is the value of -14 + 6 + (14 - (6 - -3) - 21)?
-24
Calculate -4 - 2 - 4 - -6 - (10 + -25).
11
Evaluate 5 + (-8 - (-14 - -9)) + -2.
0
What is (-12 - -24) + -25 - (13 + -22)?
-4
What is 1352 + -1364 - (16 - (-1 + 0))?
-29
(6 - (-3 + 3 + 4)) + (-83 - -87)
6
What is 22 + -27 + (11 - 1) - (4 - 0)?
1
What is (1 - (15 - -1)) + (6832 - 6839)?
-22
What is 8 + 2 + -8 + (-9 - -7) + 11?
11
What is the value of (-10 - (0 + 0)) + -20 + (-6 - -32)?
-4
What is -268 + 274 + (-16 - 1)?
-11
(36 - (40 - -3)) + (-16 - -1)
-22
What is the value of -8 + (5 - -10) + -6?
1
What is the value of -6 - (12 + -5 + (-5 - -11) - 5)?
-14
Evaluate -9 - ((9 - 5 - 9) + (-5 - -10)).
-9
What is the value of (5 - (2 - 9) - 3) + (1 - 34)?
-24
What is 1 + -1 + (-4 - 0) + 21 + -1?
16
What is (-12 - -9 - 1) + 11 + -25?
-18
Calculate (3 - -17) + (1 - 19).
2
-1 - (-1 - -13) - (12 - (-10 - -24))
-11
Calculate -5 + (-3 - (-74 + 40)).
26
Calculate 19 - (-12 + 13 + -6).
24
What is the value of (-10 - -21) + -13 + (9 - 0)?
7
What is -1 - (2 - 5) - (-10 - (2 + -4))?
10
7 + (1 - 7) + 0 + 1 + 3
5
What is -5 - -27 - (10 + -3 + 2)?
13
Calculate (-4 - -9) + -10 + -3 + 4.
-4
Calculate -32 + 10 + -5 + 17.
-10
What is (8 - (11 + 0)) + -8 - -1?
-10
What is 8 - (-6 + 1 + 1 - -39)?
-27
55 + -89 + (9 - -55)
30
Calculate -1 + (-12 - -17 - (8 - 0)).
-4
Calculate -38 + 12 + 15 + (-4 - 0 - -1).
-14
What is 3 - 4 - (-17 - (-2 + -9))?
5
Evaluate 1 + (-20 - (1 + -4)) + 10 + -8.
-14
Calculate -14 - (1 + -6 + (-12 - -22)).
-19
What is the value of (-2 - -14 - -5) + -8 + (0 - -18)?
27
What is -12 - ((-11 - (-2 + -3)) + (-14 - -1))?
7
What is (94 - 93) + (7 - 3)?
5
Evaluate 3 - (20 + (4 - 19)) - (1 - -1).
-4
6 + -5 + 1 + (183 - 193)
-8
-12 + (18 - 5) + -5 + -1
-5
What is (-1 - -3) + (-25 - (5 - (-28 + 19)))?
-37
Evaluate (1 + 19 - 3) + 73 + -70.
20
-2 + 1 + 8 + -17
-10
4 + -2 + 0 + -1 - (-16 - -5)
12
Calculate (4 + (9 - 12) - (0 + -4)) + -7.
-2
Evaluate -16 - (-15 - (12 + (26 - 14))).
23
(-867 - -891) + -7 + 0
17
Calculate 10 - (2 + -12) - 14.
6
What is (-28 - (-18 + 7)) + 37?
20
-1 - -32 - (1217 + -1197)
11
Evaluate (8 + -14 - 0 - -2) + 17 + 0.
13
What is -25 - (-6 - -15 - 16 - 0)?
-18
Evaluate 6 - ((2 - -20) + -6).
-10
-1 + 0 - -7 - (9 + 4)
-7
What is -3 - (-5 - (6 - -8))?
16
What is the value of (-1 - -4) + 4 + (-3 - 4)?
0
Evaluate (136 - 124) + -24 - (1 + -2 - -27).
-38
Calculate -11 + 3 + 5 + -133 + 122.
-14
390 - 392 - (1 - (1 + -2))
-4
What is the value of 10 - 49 - (13 - 6 - 11)?
-35
Evaluate 38 - (22 + 2) - (0 + 41).
-27
What is the value of (2 - 1) + (-1 - -3) - 7?
-4
3 + 10 + (1 + -4 - (-2 + 1))
11
Calculate 31 - 5 - (-47 - -69).
4
What is (-1 - (-25 - -2)) + (-2 - (5 - 0))?
15
What is the value of -5 + 2 + -11 - (2 - 12)?
-4
What is the value of 2 + (-4 - -6 - (7 + -5 + 4))?
-2
What is -2 + -5 + (8 - 8) - (22 - 8)?
-21
Calculate -18 - (-20 - -4) - (2 - (3 + -2)).
-3
What is -21 + (18 - -10 - 18)?
-11
-7 - (-11 - ((-8 - -3) + 12))
11
What is the value of -45 + 38 + 26 + -2?
17
What is (-16 - (-4 + 2 + 8)) + (-2 - -3)?
-21
Evaluate -9 - ((-8 - 13) + 7).
5
What is the value of (3 - (2 - (11 + -5 + -10))) + -8?
-11
What is (0 - 6) + 2 + 5 + (7 - -2)?
10
Calculate (9 - (-14 + 26 - -2)) + 5.
0
Evaluate (13 + -1 - 12) + 5 + 10.
15
Calculate 17 + (9 - (6 + 5 + -3)) - 4.
14
Calculate 28 + (-19 - -26 - 41).
-6
Evaluate -22 + -22 + (7 - -3).
-34
What is 2 + 11 + 3 - (-12 + 25 + -14)?
17
What is the value of -2 + -1 + (-7 - (5 - 15))?
0
What is -5 - 2 - (3 + (2 - 4))?
-8
What is -8 - (-6 - 1) - -1?
0
Evaluate 7 - 4 - (-33 - (-5 + -11)).
20
What is the value of -7 + (-3 + 2 - -13)?
5
What is the value of (-9 - (2 + -12)) + 5 + 2 + 6?
14
Evaluate 398 + -438 + 72 + -1.
31
Evaluate 21 + 0 + -16 + -11 - 11.
-17
What is (15 + -7 + 3 - -8) + -1?
18
Calculate (1 - -27) + 70 + -60.
38
-3 - ((0 - 1) + -8) - (111 + -103)
-2
Evaluate -42 - (-46 - -17) - (0 + -18).
5
What is the value of -7 - (23 - (14 + 9))?
-7
What is the value of (-1 - 6 - -54) + -4 + -2 - 9?
32
What is 6 + -69 + 78 + -16 + -1?
-2
-10 - (9 - 6) - (-6 - 1)
-6
What is -1 - -1 - (2 + 6 - (99 - 95))?
-4
What is the value of -21 - (-42 + -1 + 2)?
20
What is (9 - (1 + 2)) + (0 - 7)?
-1
What is the value of -33 - (-31 + 13 - 32)?
17
Calculate (-9 + -3 - -17) + -19.
-14
Calculate (-17 - (-18 - -9)) + 4 + -2 + 1.
-5
What is 6 + (6 - 7) - -2?
7
Evaluate -107 + 98 - (-1 - -9).
-17
What is (-22 - -44) + (-44 - 9)?
-31
What is -2 - (0 + -11 - (-12 + 9))?
6
12 + -4 + (7 - 0) - 4
11
Evaluate -17 + 11 + 11 + 2 + -3.
4
What is the value of 8 - -2 - (15 - 2) - -11?
8
What is -10 - ((-16 - -7) + (-22 - -7 - 7))?
21
What is the value of -1 + -6 + 196 + -196?
-7
-1 + -1 - 5 - (-16 + 18)
-9
Calculate 21 + (-29 - -3 - -20).
15
What is the value of -1 + 4 - ((-1 - -15) + 41 + -57)?
5
What is 5 - (-2 + 11 - (-7 - 2))?
-13
Evaluate -17 - -36 - 12 - (2 + (1 - -2)).
2
What is 38 + -63 - (1 - 12)?
-14
Calculate -8 + -8 + 44 + -14.
14
Calculate -7 + (34 - (20 - 2)) - 35.
-26
Calculate -11 + (-14 - -9 - -9).
-7
1 + -4 - (-63 + 47)
13
What is 120 + -149 + (1 - 3) + 5 + -4?
-30
What is the value of (1 + -6 - (-1 + -6)) + 2 + -4?
0
What is the value of (-5 - -37) + -28 + (0 - -2 - -6)?
12
Calculate -25 + 26 + 18 + -32.
-13
-4 - (-18 - (1 + (6 - 8) + 0))
13
Evaluate (7 - (1 + 2 + -2)) + -8 - 5.
-7
Evaluate -4 + -1 + (-37 - (6 - 62)).
14
9 + 12 + (3 - 8 - 2)
14
Calculate -5 + 78 + 383 + -429.
27
22 - (8 - (-17 + 12))
9
Evaluate -40 + 13 - ((7 - 6) + 10).
-38
What is 4 + (-14 - -3) + (3 + -1 - -16)?
11
Evaluate 0 + ((1 - (-1 + 6)) + 0 - 0).
-4
What is -31 - ((-19 - 27) + 18 + 16)?
-19
What is the value of (-4 + -8 + 5 - -9) + -6 - -3?
-1
What is the value of (1 - -3 - 11) + -42 + 51?
2
What is the value of -24 - (9 + -6) - -26?
-1
150 - 190 - (1 + -25)
-16
Calculate (-6 - -1) + (-8 + (1 - -18) - -5).
11
Calculate 0 + -2 + -4 + 4 - (17 - 14).
-5
What is the value of 19 + -30 + 18 - (5 + -3 - 6)?
11
Calculate -2 + 5 + 38 + -24.
17
What is 5 - 1 - (-3 - 2 - -6)?
3
What is the value of 11 - (-14 - -20 - 13)?
18
What is 23 - (-30 - -23) - 20?
10
Evaluate 4 + -2 + -16 + (-112 - -111).
-15
What is 14 + 1 + (54 - 78)?
-9
What is 13 + (-10 - -6) + 5?
14
Evaluate -1 + 13 + (-2 - -3).
13
Evaluate -10 + 8 + 1 + -3 - 1.
-5
Evaluate -30 - (-14 + 5 + -7).
-14
What is the value of -19 + 13 + 12 + 2?
8
Evaluate -4 - (0 + -9 + 0).
5
What is the value of (42 - 15 - 15) + -3?
9
What is the value of 8 - (-5 + -3 - -40) - -9?
-15
Calculate -4 + 0 + -1 + (-10 - -16) + 1.
2
Evaluate -1 + -13 + (4 - -17).
7
What is the value of -7 + 10 + -9 + 3 + 1?
-2
What is 1 - -12 - (31 + -17 + 8)?
-9
What is the value of 8 - (13 + 13 + -31 - (-6 + 1))?
8
Evaluate (25 - 2) + -1 - (-3 + 8).
17
Evaluate 7 - (15 - 36) - (-2 + -9 + 1).
38
(-21 - (-33 - 2)) + 1 + 0 + -6
9
What is 8 + (25 - (8 + 40))?
-15
What is the value of (1 - -5) + (-9 + -6 - (-53 + 31))?
13
What is -44 - (29 + (-68 - -7))?
-12
-1 - -17 - (-2 - (2 - 5) - 1)
16
What is the value of (-7 - (9 - 1)) + 11?
-4
Calculate -25 + (-21 + 8 - (-25 + 3)).
-16
Evaluate (5 - 0 - (4 + 2) - 0) + 0.
-1
Evaluate (-1 - (-1 + 0)) + (-146 - -156).
10
(-6 + -5 - -7) + (-6 - (-4 - -5))
-11
What is -1 - -9 - (-38 - -44) - -8?
10
22 + -28 - (-17 + 1 + -3)
13
Evaluate (-13 - -2 - 1) + 187 + -184 + -6.
-15
What is -1 - -14 - (-1 - 12 - 0)?
26
Calculate 403 + -428 + (0 - (1 - 7)).
-19
What is the value of 15 + 4 + -29 - -25?
15
What is the value of -2 + 5 + -4 + -11 + 6 - -6?
0
What is 16 - (-3 - -5) - (-30 - -22) - 3?
19
Calculate 6 + 1 + (9 - (10 - (0 + 8))).
14
Calculate 26 - (25 - -6) - 19.
-24
(-2 - ((3 + 6 - 8) + 1)) + 13
9
Evaluate (-62 - -70 - (-1 + -1)) + 3.
13
What is the value of (14 - 21 - (1 + -3)) + (25 - 32)?
-12
Calculate 6 - (-16 - -7) - 18.
-3
Calculate (-12 + 34 - 6) + (-6 - 3) + 0.
7
15 + -7 + -6 + -10
-8
What is the value of (42 - 2) + (-7 - (-17 + 39 - 20))?
31
Calculate (-32 - -31) + -7 + 0 - -6.
-2
Evaluate (4 - (26 + -2)) + 18.
-2
Evaluate -62 + 52 + (2 - (9 + 5)).
-22
What is the value of 0 + -2 + 5 + (-71 - -63)?
-5
What is the value of -21 - -18 - 14 - -25?
8
What is the value of (-67 - -28) + (14 - (-1 + 2))?
-26
(-25 - -19 -